he remainder when ((-2340)/1638)/((-2)/1603) is divided by 25.
20
Calculate the remainder when 9/120*10*(0 + 280) is divided by 50.
10
Calculate the remainder when 25/75 + (-3145)/(-15) is divided by 44.
34
Suppose -h = -5*p - 6*h + 195, -3*p + 105 = -3*h. Calculate the remainder when 18/15 - 31430/(-350) is divided by p.
17
Let u be 114/(-4)*(-12)/9. Let k = -33 + u. Suppose 7 = 4*v + 5*q, 0 = -v - 3*q + k*q + 5. Calculate the remainder when 3 is divided by v.
0
Calculate the remainder when 2519 is divided by 7 + (147/(-12))/((-4)/32).
104
Suppose -23*q + 18 = 2*i - 19*q, -3*q = -9. Suppose -d - i + 23 = 0. What is the remainder when 54 is divided by d?
14
Suppose -3447 = 2*w - 3*d, 3*w + 7*d + 5193 = 4*d. What is the remainder when 66 is divided by w/(-66) + (-2)/11?
14
Suppose -3*g - 4*h = -467, 3*h + 616 = 4*g + 7*h. What is the remainder when g is divided by 10?
9
Let m(i) = -i**2 + 21*i + 6. Let h(o) = o**3 - 30*o**2 - o + 46. Let p be h(30). What is the remainder when 191 is divided by m(p)?
19
Let m be 25/20 - (-30)/(-24). Suppose 5*x + d + 96 = 330, m = x - 4*d - 30. Calculate the remainder when 366 is divided by x.
44
Suppose 0 = 5*w + 15*l - 16*l - 38, 4*w - 1 = -9*l. Calculate the remainder when 403 is divided by w.
4
Let w(o) = 5*o**2 + 728*o + 487. Calculate the remainder when 3223 is divided by w(-145).
51
Suppose 0 = 3*w + 4*q - 4473, 5*w - 2*q - 4279 = 3202. Calculate the remainder when 1518 is divided by w.
23
Let x = 410 - 407. Suppose 10*p - 12*p - 611 = -x*b, b = p + 202. Calculate the remainder when b is divided by 30.
27
Let z = -19857 - -20034. Suppose 2*l - 3*l + 98 = -3*d, 2*d = -2. Calculate the remainder when z is divided by l.
82
Let n = 3583 + -3563. Calculate the remainder when n is divided by 15.
5
Let t(k) = -225*k**3 + 308*k + 308. What is the remainder when 1552 is divided by t(-1)?
202
Suppose -4*o - 5*x + 65 + 148 = 0, 2*o + 5*x - 99 = 0. Let n(p) = 7*p**2 - 7*p + 2. What is the remainder when o is divided by n(2)?
9
Suppose -4*r = -5*r + 4*o - 6, -5*r + 20 = 5*o. Suppose 5*q - 79 = -2*s + 16, 0 = r*q - 6. Calculate the remainder when s is divided by 20.
0
Suppose 68*f - 66*f = 0. Let x(w) be the first derivative of -w**2 + 13*w + 6. What is the remainder when x(f) is divided by 5?
3
Suppose 5*u + 1015*w - 1012*w - 239 = 0, -4*u + 190 = 2*w. Calculate the remainder when u is divided by 62/(0 + 1 + 1).
15
Suppose -2*s - 43 = -461. Suppose 4*d - 327 = s. Suppose -4*y - 14 = -d. Calculate the remainder when y is divided by 9.
3
Let t = 2470 + -2323. Calculate the remainder when 872 is divided by t.
137
Let n = 1469 + -1372. What is the remainder when 771 is divided by n?
92
Let y = -181 - -311. Let x = y - 111. What is the remainder when 746/8 - 2/8 is divided by x?
17
Suppose -33*y = 25*y - 179596 + 6814. Calculate the remainder when y is divided by 28.
11
Let j = 45 - 50. Let w = 301 + -146. Calculate the remainder when (1 + -2)/(j/w) is divided by 11.
9
Calculate the remainder when -3 + 976 - (67 - 76) is divided by 299.
85
Suppose 440 = 15*j + 2480. Let o = 163 + j. Calculate the remainder when 105 is divided by o.
24
Calculate the remainder when 2049 is divided by (54/4 + (40 - 56))*4/(-2).
4
Let b be (-12)/(-18)*15/2. Suppose -14*h = b*s - 9*h - 70, -2*h = 0. Calculate the remainder when 39 is divided by s.
11
Let d = -22579 - -22846. Calculate the remainder when 2133 is divided by d.
264
Suppose 3*q + 69*q - 1440 = 0. Calculate the remainder when 617 is divided by q.
17
Calculate the remainder when -8*((-28430)/80 + 9) is divided by 77.
76
Let n(l) = 152*l - 114. Calculate the remainder when n(7) is divided by 8.
6
Let q = -1086 + 1811. Calculate the remainder when 30 is divided by q/203 + 8/(-14).
0
Let o(m) = 91*m**2 - 98*m - 557. Calculate the remainder when o(-7) is divided by 34.
32
Suppose -5*o + 635 = z - 348, 0 = 2*o - 6. Calculate the remainder when 3/7 + z/77 is divided by 9.
4
What is the remainder when 1079 is divided by (0 + -2)/(22*7/(-32879))?
225
Let z = 1581 + -1537. What is the remainder when 119 is divided by z?
31
Let d be (-25)/10 + (-5608)/(-16). Suppose -5*g + d = 4*t, -g + 2*t = 7 - 71. Calculate the remainder when g is divided by 15.
8
Let n = 25 - 9. Calculate the remainder when n is divided by (-7)/(-2)*24/42.
0
Calculate the remainder when (2813 - (2 - -1)) + (12/12 - -1) is divided by 14.
12
Let s(k) = -k**3 - k**2 - 3*k + 62. Suppose 0 = -4*i - x - 4, -x + 2 - 6 = 0. Calculate the remainder when s(i) is divided by 32.
30
Suppose -10*o = -13*o - 8*o + 605. What is the remainder when 123 is divided by o?
13
Let d be (-610)/50 - 3/(-15). Let m be 1*(-1132)/d*3. Suppose 44 = 3*t - m. Calculate the remainder when t is divided by 37.
35
Let a = 27340 + -27321. Let x(f) = 8*f + 9. Calculate the remainder when x(7) is divided by a.
8
Let q = -544 - -552. Let c(t) = 4*t**2 - 33*t + 13. Calculate the remainder when 18 is divided by c(q).
3
Suppose -19*g - 234 - 108 = 0. Let x(h) = -h**3 - 19*h**2 - 27*h - 41. Calculate the remainder when x(g) is divided by 35.
16
Suppose 0*o + 534 = 5*o + 3*f, -4*o + 3*f + 411 = 0. Let x be 1005/((-2)/(-2)) + 1. Calculate the remainder when x/14 + 15/o is divided by 15.
12
What is the remainder when 5664/60 + (-84)/(-15) + -5 is divided by 11?
7
Let h be (14 - 10)/((-8)/(-6)). Suppose -h*s - g + 62 + 93 = 0, -2*g = -10. Calculate the remainder when s is divided by 2.
0
Suppose 5*u - 2*l - 639 + 1784 = 0, -4*u - 899 = -5*l. Let i be u/(-14)*(-66)/(-9). Suppose 2*b - i - 69 = 0. Calculate the remainder when b is divided by 16.
15
Let n(f) = f**3 - 5*f**2 + 2*f + 2. Let i = 20 - 15. Suppose i*j - 35 = -5*m, m + 0*m + 13 = 3*j. Calculate the remainder when 31 is divided by n(j).
7
Suppose -5*i + 10*i - 3*k - 69 = 0, -4*i - 2*k + 64 = 0. Suppose 316*h + 3500 = 336*h. Calculate the remainder when h is divided by i.
10
Let h = -1508 - -1908. What is the remainder when h is divided by 195?
10
Let g = 120 - 76. Suppose -f - 309 - 371 = -5*c, 4*c = -5*f + 544. Calculate the remainder when c is divided by 1*(g + (-3 - -5)).
44
Let u = 2912 + -2566. Calculate the remainder when u is divided by 101.
43
Suppose -12*v = 72 + 360. Let p = v + 140. Calculate the remainder when p is divided by 9.
5
Let y(a) = -5 - 4 + 5*a - 117. Let n = 444 + -273. What is the remainder when n is divided by y(31)?
26
Suppose 4*r + 2*u = 5*u - 4, -4*r - u = -12. Suppose -3*w + 112 = 5*q - 413, 0 = -r*q + 3*w + 231. What is the remainder when q is divided by 8?
4
Let w(m) = -15*m - 1. Let n = -4 + 3. What is the remainder when 22/(-44)*(0 + -3 + -79) is divided by w(n)?
13
Suppose 998 = 13*o - 133. Let s(t) = t**3 - 7*t**2 + t - 3. Let v be s(7). Calculate the remainder when o is divided by 11*1/2*v.
21
Suppose 11 = 5*p - 9. Suppose 2*z + j - 89 = -0*z, 0 = 3*j + 9. Suppose 0 = 4*a - z + 2. Calculate the remainder when a is divided by p.
3
Let s = -4978 + 5090. Calculate the remainder when 2239 is divided by s.
111
Let y be 4/(-4 + 5 - (0 + 2)). Calculate the remainder when (-546)/(-30) - 0 - y/5 is divided by 11.
8
Let r = 188 - 188. Suppose r = 5*a + 63 - 273. What is the remainder when 335 is divided by a?
41
Let i = 43 - 38. Suppose -i*f + 117 = -103. Let u = -11 + f. What is the remainder when u is divided by 6?
3
Let f = 19 + 56. Let t = -2952 - -2998. Let s = f - t. Calculate the remainder when s is divided by 11.
7
Suppose -3*z + 5*n + 18 = -5*z, -2*n - 4 = 0. Calculate the remainder when 23 is divided by 4 + (-14 - z) + 12.
5
Suppose -9 = -3*q - 30. Let b = 17 + q. What is the remainder when (8/(96/(-174)))/((-2)/4) is divided by b?
9
Let k = -2434 - -2468. Calculate the remainder when (201/3)/(1/2) is divided by k.
32
Let b be (-15)/(75/(-3820)) - -4. Let s = 795 - b. What is the remainder when 89 is divided by s?
8
Suppose -3*h - 14*b + 16*b = -223, 3*b + 157 = 2*h. What is the remainder when 3548 is divided by h?
69
Let v(r) = 5*r**2 + 20*r - 110. Let l(p) = -8*p**2 - 38*p + 220. Let b(o) = 3*l(o) + 5*v(o). What is the remainder when 183 is divided by b(8)?
59
Suppose 0 = 5*v - 137 - 33. Suppose j + 152 = 5*o, o - v = j + j. Calculate the remainder when 85 is divided by o.
25
Let p be (-4)/((-6)/3) + -3 + -7. Suppose -38 - 19 = -2*z - 3*t, 3*z = 3*t + 93. Calculate the 